{"id":20502,"date":"2026-03-06T12:10:03","date_gmt":"2026-03-06T15:10:03","guid":{"rendered":"https:\/\/www.sanmiguelarcangel.cl\/wpsma\/?page_id=20502"},"modified":"2026-04-17T11:22:22","modified_gmt":"2026-04-17T14:22:22","slug":"extension","status":"publish","type":"page","link":"https:\/\/www.sanmiguelarcangel.cl\/wpsma\/extension\/","title":{"rendered":"EXTENSI\u00d3N"},"content":{"rendered":"\t\t<div data-elementor-type=\"wp-page\" data-elementor-id=\"20502\" class=\"elementor elementor-20502\">\n\t\t\t\t<div class=\"elementor-element elementor-element-2487efd e-flex e-con-boxed e-con e-parent\" data-id=\"2487efd\" data-element_type=\"container\" data-e-type=\"container\">\n\t\t\t\t\t<div class=\"e-con-inner\">\n\t\t<div class=\"elementor-element elementor-element-f0925ed e-con-full e-flex e-con e-child\" data-id=\"f0925ed\" data-element_type=\"container\" data-e-type=\"container\">\n\t\t\t\t<div class=\"elementor-element elementor-element-91e533c elementor-widget elementor-widget-heading\" data-id=\"91e533c\" data-element_type=\"widget\" data-e-type=\"widget\" data-widget_type=\"heading.default\">\n\t\t\t\t<div class=\"elementor-widget-container\">\n\t\t\t\t\t<h1 class=\"elementor-heading-title elementor-size-default\">Extensi\u00f3n\n<\/h1>\t\t\t\t<\/div>\n\t\t\t\t<\/div>\n\t\t\t\t<\/div>\n\t\t\t\t\t<\/div>\n\t\t\t\t<\/div>\n\t\t<div class=\"elementor-element elementor-element-1a84cd1 e-flex e-con-boxed e-con e-parent\" data-id=\"1a84cd1\" data-element_type=\"container\" data-e-type=\"container\">\n\t\t\t\t\t<div class=\"e-con-inner\">\n\t\t\t\t<div class=\"elementor-element elementor-element-367541b elementor-widget elementor-widget-heading\" data-id=\"367541b\" data-element_type=\"widget\" data-e-type=\"widget\" data-widget_type=\"heading.default\">\n\t\t\t\t<div class=\"elementor-widget-container\">\n\t\t\t\t\t<h3 class=\"elementor-heading-title elementor-size-default\">El \u00e1rea de Extensi\u00f3n del colegio San Miguel Arc\u00e1ngel tiene como objetivo desarrollar actividades, que permitan ir consolidando un espacio cultural, formativo y de entretenci\u00f3n abierto a toda la Comunidad SMA y tambi\u00e9n a personas externas a esta.<\/h3>\t\t\t\t<\/div>\n\t\t\t\t<\/div>\n\t\t\t\t\t<\/div>\n\t\t\t\t<\/div>\n\t\t<div class=\"elementor-element elementor-element-5684fcd e-grid e-con-boxed e-con e-parent\" data-id=\"5684fcd\" data-element_type=\"container\" data-e-type=\"container\">\n\t\t\t\t\t<div class=\"e-con-inner\">\n\t\t\t\t<div class=\"elementor-element elementor-element-10501aa elementor-widget elementor-widget-heading\" data-id=\"10501aa\" data-element_type=\"widget\" data-e-type=\"widget\" data-widget_type=\"heading.default\">\n\t\t\t\t<div class=\"elementor-widget-container\">\n\t\t\t\t\t<h3 class=\"elementor-heading-title elementor-size-default\"><br><br>Contacto <\/h3>\t\t\t\t<\/div>\n\t\t\t\t<\/div>\n\t\t\t\t<div class=\"elementor-element elementor-element-176bc6d elementor-widget elementor-widget-heading\" data-id=\"176bc6d\" data-element_type=\"widget\" data-e-type=\"widget\" data-widget_type=\"heading.default\">\n\t\t\t\t<div class=\"elementor-widget-container\">\n\t\t\t\t\t<h5 class=\"elementor-heading-title elementor-size-default\"><br><br><br>Valentina Ohlsen \u00c1. \nCultural Events Manager\nextension@colegiosma.cl<br><\/h5>\t\t\t\t<\/div>\n\t\t\t\t<\/div>\n\t\t\t\t\t<\/div>\n\t\t\t\t<\/div>\n\t\t<div class=\"elementor-element elementor-element-8566a5d e-flex e-con-boxed e-con e-parent\" data-id=\"8566a5d\" data-element_type=\"container\" data-e-type=\"container\">\n\t\t\t\t\t<div class=\"e-con-inner\">\n\t\t\t\t<div class=\"elementor-element elementor-element-e4cc3ca elementor-widget elementor-widget-heading\" data-id=\"e4cc3ca\" data-element_type=\"widget\" data-e-type=\"widget\" data-widget_type=\"heading.default\">\n\t\t\t\t<div class=\"elementor-widget-container\">\n\t\t\t\t\t<h2 class=\"elementor-heading-title elementor-size-default\"><br>Actividades <\/h2>\t\t\t\t<\/div>\n\t\t\t\t<\/div>\n\t\t\t\t\t<\/div>\n\t\t\t\t<\/div>\n\t\t<div class=\"elementor-element elementor-element-8cbf51b e-flex e-con-boxed e-con e-parent\" data-id=\"8cbf51b\" data-element_type=\"container\" data-e-type=\"container\">\n\t\t\t\t\t<div class=\"e-con-inner\">\n\t\t<div class=\"elementor-element elementor-element-aef3763 e-con-full e-flex e-con e-child\" data-id=\"aef3763\" data-element_type=\"container\" data-e-type=\"container\">\n\t\t\t\t<div class=\"elementor-element elementor-element-ef5e2d3 elementor-align-center elementor-widget elementor-widget-button\" data-id=\"ef5e2d3\" data-element_type=\"widget\" data-e-type=\"widget\" data-widget_type=\"button.default\">\n\t\t\t\t<div class=\"elementor-widget-container\">\n\t\t\t\t\t\t\t\t\t<div class=\"elementor-button-wrapper\">\n\t\t\t\t\t<a class=\"elementor-button elementor-button-link elementor-size-sm\" href=\"https:\/\/docs.google.com\/forms\/d\/e\/1FAIpQLSfK_E2HxyVfsJwGGDpWuD-9kfz9mMJUIxT--HGVqXQR1aDv6w\/viewform\" target=\"_blank\">\n\t\t\t\t\t\t<span class=\"elementor-button-content-wrapper\">\n\t\t\t\t\t\t\t\t\t<span class=\"elementor-button-text\">Inscr\u00edbete aqu\u00ed a la charla  sobre el Papa Francisco<\/span>\n\t\t\t\t\t<\/span>\n\t\t\t\t\t<\/a>\n\t\t\t\t<\/div>\n\t\t\t\t\t\t\t\t<\/div>\n\t\t\t\t<\/div>\n\t\t\t\t<\/div>\n\t\t<div class=\"elementor-element elementor-element-3f595e4 e-con-full e-flex e-con e-child\" data-id=\"3f595e4\" data-element_type=\"container\" data-e-type=\"container\">\n\t\t\t\t<\/div>\n\t\t\t\t\t<\/div>\n\t\t\t\t<\/div>\n\t\t<div class=\"elementor-element elementor-element-c6dff89 e-flex e-con-boxed e-con e-parent\" data-id=\"c6dff89\" data-element_type=\"container\" data-e-type=\"container\">\n\t\t\t\t\t<div class=\"e-con-inner\">\n\t\t<div class=\"elementor-element elementor-element-02324ae e-con-full e-flex e-con e-child\" data-id=\"02324ae\" data-element_type=\"container\" data-e-type=\"container\">\n\t\t\t\t<div class=\"elementor-element elementor-element-034a6cb elementor-widget elementor-widget-image\" data-id=\"034a6cb\" data-element_type=\"widget\" data-e-type=\"widget\" data-widget_type=\"image.default\">\n\t\t\t\t<div class=\"elementor-widget-container\">\n\t\t\t\t\t\t\t\t\t\t\t\t\t\t\t<img fetchpriority=\"high\" decoding=\"async\" width=\"724\" height=\"1024\" src=\"https:\/\/i0.wp.com\/www.sanmiguelarcangel.cl\/wpsma\/wp-content\/uploads\/2026\/03\/Papa-Francisco-5-hitos-de-su-pontificado-1.png?fit=724%2C1024&amp;ssl=1\" class=\"attachment-large size-large wp-image-20582\" alt=\"\" srcset=\"https:\/\/i0.wp.com\/www.sanmiguelarcangel.cl\/wpsma\/wp-content\/uploads\/2026\/03\/Papa-Francisco-5-hitos-de-su-pontificado-1.png?w=1587&amp;ssl=1 1587w, https:\/\/i0.wp.com\/www.sanmiguelarcangel.cl\/wpsma\/wp-content\/uploads\/2026\/03\/Papa-Francisco-5-hitos-de-su-pontificado-1.png?resize=212%2C300&amp;ssl=1 212w, https:\/\/i0.wp.com\/www.sanmiguelarcangel.cl\/wpsma\/wp-content\/uploads\/2026\/03\/Papa-Francisco-5-hitos-de-su-pontificado-1.png?resize=724%2C1024&amp;ssl=1 724w, https:\/\/i0.wp.com\/www.sanmiguelarcangel.cl\/wpsma\/wp-content\/uploads\/2026\/03\/Papa-Francisco-5-hitos-de-su-pontificado-1.png?resize=768%2C1086&amp;ssl=1 768w, https:\/\/i0.wp.com\/www.sanmiguelarcangel.cl\/wpsma\/wp-content\/uploads\/2026\/03\/Papa-Francisco-5-hitos-de-su-pontificado-1.png?resize=1086%2C1536&amp;ssl=1 1086w, https:\/\/i0.wp.com\/www.sanmiguelarcangel.cl\/wpsma\/wp-content\/uploads\/2026\/03\/Papa-Francisco-5-hitos-de-su-pontificado-1.png?resize=1448%2C2048&amp;ssl=1 1448w\" sizes=\"(max-width: 724px) 100vw, 724px\" \/>\t\t\t\t\t\t\t\t\t\t\t\t\t\t\t<\/div>\n\t\t\t\t<\/div>\n\t\t\t\t<\/div>\n\t\t<div class=\"elementor-element elementor-element-bdc6f8f e-con-full e-flex e-con e-child\" data-id=\"bdc6f8f\" data-element_type=\"container\" data-e-type=\"container\">\n\t\t\t\t<div class=\"elementor-element elementor-element-943a7e8 elementor-widget elementor-widget-image\" data-id=\"943a7e8\" data-element_type=\"widget\" data-e-type=\"widget\" data-widget_type=\"image.default\">\n\t\t\t\t<div class=\"elementor-widget-container\">\n\t\t\t\t\t\t\t\t\t\t\t\t\t\t\t<img decoding=\"async\" width=\"724\" height=\"1024\" src=\"https:\/\/i0.wp.com\/www.sanmiguelarcangel.cl\/wpsma\/wp-content\/uploads\/2026\/04\/Sashiko.png?fit=724%2C1024&amp;ssl=1\" class=\"attachment-large size-large wp-image-20831\" alt=\"\" srcset=\"https:\/\/i0.wp.com\/www.sanmiguelarcangel.cl\/wpsma\/wp-content\/uploads\/2026\/04\/Sashiko.png?w=1414&amp;ssl=1 1414w, https:\/\/i0.wp.com\/www.sanmiguelarcangel.cl\/wpsma\/wp-content\/uploads\/2026\/04\/Sashiko.png?resize=212%2C300&amp;ssl=1 212w, https:\/\/i0.wp.com\/www.sanmiguelarcangel.cl\/wpsma\/wp-content\/uploads\/2026\/04\/Sashiko.png?resize=724%2C1024&amp;ssl=1 724w, https:\/\/i0.wp.com\/www.sanmiguelarcangel.cl\/wpsma\/wp-content\/uploads\/2026\/04\/Sashiko.png?resize=768%2C1086&amp;ssl=1 768w, https:\/\/i0.wp.com\/www.sanmiguelarcangel.cl\/wpsma\/wp-content\/uploads\/2026\/04\/Sashiko.png?resize=1086%2C1536&amp;ssl=1 1086w\" sizes=\"(max-width: 724px) 100vw, 724px\" \/>\t\t\t\t\t\t\t\t\t\t\t\t\t\t\t<\/div>\n\t\t\t\t<\/div>\n\t\t\t\t<\/div>\n\t\t\t\t\t<\/div>\n\t\t\t\t<\/div>\n\t\t<div class=\"elementor-element elementor-element-05cdae2 e-flex e-con-boxed e-con e-parent\" data-id=\"05cdae2\" data-element_type=\"container\" data-e-type=\"container\">\n\t\t\t\t\t<div class=\"e-con-inner\">\n\t\t<div class=\"elementor-element elementor-element-a4a2b06 e-con-full e-flex e-con e-child\" data-id=\"a4a2b06\" data-element_type=\"container\" data-e-type=\"container\">\n\t\t\t\t<div class=\"elementor-element elementor-element-4df24ef elementor-widget elementor-widget-image\" data-id=\"4df24ef\" data-element_type=\"widget\" data-e-type=\"widget\" data-widget_type=\"image.default\">\n\t\t\t\t<div class=\"elementor-widget-container\">\n\t\t\t\t\t\t\t\t\t\t\t\t\t\t\t<img decoding=\"async\" width=\"724\" height=\"1024\" src=\"https:\/\/i0.wp.com\/www.sanmiguelarcangel.cl\/wpsma\/wp-content\/uploads\/2026\/03\/Pag.-web-Papa-Francisco-5-hitos-de-su-pontificado.png?fit=724%2C1024&amp;ssl=1\" class=\"attachment-large size-large wp-image-20575\" alt=\"\" srcset=\"https:\/\/i0.wp.com\/www.sanmiguelarcangel.cl\/wpsma\/wp-content\/uploads\/2026\/03\/Pag.-web-Papa-Francisco-5-hitos-de-su-pontificado.png?w=1587&amp;ssl=1 1587w, https:\/\/i0.wp.com\/www.sanmiguelarcangel.cl\/wpsma\/wp-content\/uploads\/2026\/03\/Pag.-web-Papa-Francisco-5-hitos-de-su-pontificado.png?resize=212%2C300&amp;ssl=1 212w, https:\/\/i0.wp.com\/www.sanmiguelarcangel.cl\/wpsma\/wp-content\/uploads\/2026\/03\/Pag.-web-Papa-Francisco-5-hitos-de-su-pontificado.png?resize=724%2C1024&amp;ssl=1 724w, https:\/\/i0.wp.com\/www.sanmiguelarcangel.cl\/wpsma\/wp-content\/uploads\/2026\/03\/Pag.-web-Papa-Francisco-5-hitos-de-su-pontificado.png?resize=768%2C1086&amp;ssl=1 768w, https:\/\/i0.wp.com\/www.sanmiguelarcangel.cl\/wpsma\/wp-content\/uploads\/2026\/03\/Pag.-web-Papa-Francisco-5-hitos-de-su-pontificado.png?resize=1086%2C1536&amp;ssl=1 1086w, https:\/\/i0.wp.com\/www.sanmiguelarcangel.cl\/wpsma\/wp-content\/uploads\/2026\/03\/Pag.-web-Papa-Francisco-5-hitos-de-su-pontificado.png?resize=1448%2C2048&amp;ssl=1 1448w\" sizes=\"(max-width: 724px) 100vw, 724px\" \/>\t\t\t\t\t\t\t\t\t\t\t\t\t\t\t<\/div>\n\t\t\t\t<\/div>\n\t\t\t\t<\/div>\n\t\t<div class=\"elementor-element elementor-element-707aeb6 e-con-full e-flex e-con e-child\" data-id=\"707aeb6\" data-element_type=\"container\" data-e-type=\"container\">\n\t\t\t\t<div class=\"elementor-element elementor-element-937d325 elementor-widget elementor-widget-image\" data-id=\"937d325\" data-element_type=\"widget\" data-e-type=\"widget\" data-widget_type=\"image.default\">\n\t\t\t\t<div class=\"elementor-widget-container\">\n\t\t\t\t\t\t\t\t\t\t\t\t\t\t\t<img loading=\"lazy\" decoding=\"async\" width=\"724\" height=\"1024\" src=\"https:\/\/i0.wp.com\/www.sanmiguelarcangel.cl\/wpsma\/wp-content\/uploads\/2026\/03\/Pag-web-Sashiko.png?fit=724%2C1024&amp;ssl=1\" class=\"attachment-large size-large wp-image-20724\" alt=\"\" srcset=\"https:\/\/i0.wp.com\/www.sanmiguelarcangel.cl\/wpsma\/wp-content\/uploads\/2026\/03\/Pag-web-Sashiko.png?w=1414&amp;ssl=1 1414w, https:\/\/i0.wp.com\/www.sanmiguelarcangel.cl\/wpsma\/wp-content\/uploads\/2026\/03\/Pag-web-Sashiko.png?resize=212%2C300&amp;ssl=1 212w, https:\/\/i0.wp.com\/www.sanmiguelarcangel.cl\/wpsma\/wp-content\/uploads\/2026\/03\/Pag-web-Sashiko.png?resize=724%2C1024&amp;ssl=1 724w, https:\/\/i0.wp.com\/www.sanmiguelarcangel.cl\/wpsma\/wp-content\/uploads\/2026\/03\/Pag-web-Sashiko.png?resize=768%2C1086&amp;ssl=1 768w, https:\/\/i0.wp.com\/www.sanmiguelarcangel.cl\/wpsma\/wp-content\/uploads\/2026\/03\/Pag-web-Sashiko.png?resize=1086%2C1536&amp;ssl=1 1086w\" sizes=\"(max-width: 724px) 100vw, 724px\" \/>\t\t\t\t\t\t\t\t\t\t\t\t\t\t\t<\/div>\n\t\t\t\t<\/div>\n\t\t\t\t<\/div>\n\t\t\t\t\t<\/div>\n\t\t\t\t<\/div>\n\t\t<div class=\"elementor-element elementor-element-15c30e2 e-grid e-con-boxed e-con e-parent\" data-id=\"15c30e2\" data-element_type=\"container\" data-e-type=\"container\">\n\t\t\t\t\t<div class=\"e-con-inner\">\n\t\t\t\t<div class=\"elementor-element elementor-element-660ac80 elementor-align-center elementor-widget elementor-widget-button\" data-id=\"660ac80\" data-element_type=\"widget\" data-e-type=\"widget\" data-widget_type=\"button.default\">\n\t\t\t\t<div class=\"elementor-widget-container\">\n\t\t\t\t\t\t\t\t\t<div class=\"elementor-button-wrapper\">\n\t\t\t\t\t<a class=\"elementor-button elementor-button-link elementor-size-sm\" href=\"https:\/\/forms.gle\/VxmJ82c98CJjC4cz7\">\n\t\t\t\t\t\t<span class=\"elementor-button-content-wrapper\">\n\t\t\t\t\t\t\t\t\t<span class=\"elementor-button-text\">Inscr\u00edbete aqu\u00ed al taller de cester\u00eda<\/span>\n\t\t\t\t\t<\/span>\n\t\t\t\t\t<\/a>\n\t\t\t\t<\/div>\n\t\t\t\t\t\t\t\t<\/div>\n\t\t\t\t<\/div>\n\t\t\t\t\t<\/div>\n\t\t\t\t<\/div>\n\t\t<div class=\"elementor-element elementor-element-b0d9be3 e-grid e-con-boxed e-con e-parent\" data-id=\"b0d9be3\" data-element_type=\"container\" data-e-type=\"container\">\n\t\t\t\t\t<div class=\"e-con-inner\">\n\t\t\t\t<div class=\"elementor-element elementor-element-1d0814a elementor-widget elementor-widget-image\" data-id=\"1d0814a\" data-element_type=\"widget\" data-e-type=\"widget\" data-widget_type=\"image.default\">\n\t\t\t\t<div class=\"elementor-widget-container\">\n\t\t\t\t\t\t\t\t\t\t\t\t\t\t\t<img loading=\"lazy\" decoding=\"async\" width=\"724\" height=\"1024\" src=\"https:\/\/i0.wp.com\/www.sanmiguelarcangel.cl\/wpsma\/wp-content\/uploads\/2026\/04\/Afiche-cesteria-circular-1.png?fit=724%2C1024&amp;ssl=1\" class=\"attachment-large size-large wp-image-20843\" alt=\"\" srcset=\"https:\/\/i0.wp.com\/www.sanmiguelarcangel.cl\/wpsma\/wp-content\/uploads\/2026\/04\/Afiche-cesteria-circular-1.png?w=1587&amp;ssl=1 1587w, https:\/\/i0.wp.com\/www.sanmiguelarcangel.cl\/wpsma\/wp-content\/uploads\/2026\/04\/Afiche-cesteria-circular-1.png?resize=212%2C300&amp;ssl=1 212w, https:\/\/i0.wp.com\/www.sanmiguelarcangel.cl\/wpsma\/wp-content\/uploads\/2026\/04\/Afiche-cesteria-circular-1.png?resize=724%2C1024&amp;ssl=1 724w, https:\/\/i0.wp.com\/www.sanmiguelarcangel.cl\/wpsma\/wp-content\/uploads\/2026\/04\/Afiche-cesteria-circular-1.png?resize=768%2C1086&amp;ssl=1 768w, https:\/\/i0.wp.com\/www.sanmiguelarcangel.cl\/wpsma\/wp-content\/uploads\/2026\/04\/Afiche-cesteria-circular-1.png?resize=1086%2C1536&amp;ssl=1 1086w, https:\/\/i0.wp.com\/www.sanmiguelarcangel.cl\/wpsma\/wp-content\/uploads\/2026\/04\/Afiche-cesteria-circular-1.png?resize=1448%2C2048&amp;ssl=1 1448w\" sizes=\"(max-width: 724px) 100vw, 724px\" \/>\t\t\t\t\t\t\t\t\t\t\t\t\t\t\t<\/div>\n\t\t\t\t<\/div>\n\t\t\t\t\t<\/div>\n\t\t\t\t<\/div>\n\t\t<div class=\"elementor-element elementor-element-fca8d44 e-grid e-con-boxed e-con e-parent\" data-id=\"fca8d44\" data-element_type=\"container\" data-e-type=\"container\">\n\t\t\t\t\t<div class=\"e-con-inner\">\n\t\t\t\t<div class=\"elementor-element elementor-element-545d828 elementor-widget elementor-widget-image\" data-id=\"545d828\" data-element_type=\"widget\" data-e-type=\"widget\" data-widget_type=\"image.default\">\n\t\t\t\t<div class=\"elementor-widget-container\">\n\t\t\t\t\t\t\t\t\t\t\t\t\t\t\t<img loading=\"lazy\" decoding=\"async\" width=\"724\" height=\"1024\" src=\"https:\/\/i0.wp.com\/www.sanmiguelarcangel.cl\/wpsma\/wp-content\/uploads\/2026\/04\/Info-web-cesteria-circular.png?fit=724%2C1024&amp;ssl=1\" class=\"attachment-large size-large wp-image-20833\" alt=\"\" srcset=\"https:\/\/i0.wp.com\/www.sanmiguelarcangel.cl\/wpsma\/wp-content\/uploads\/2026\/04\/Info-web-cesteria-circular.png?w=1587&amp;ssl=1 1587w, https:\/\/i0.wp.com\/www.sanmiguelarcangel.cl\/wpsma\/wp-content\/uploads\/2026\/04\/Info-web-cesteria-circular.png?resize=212%2C300&amp;ssl=1 212w, https:\/\/i0.wp.com\/www.sanmiguelarcangel.cl\/wpsma\/wp-content\/uploads\/2026\/04\/Info-web-cesteria-circular.png?resize=724%2C1024&amp;ssl=1 724w, https:\/\/i0.wp.com\/www.sanmiguelarcangel.cl\/wpsma\/wp-content\/uploads\/2026\/04\/Info-web-cesteria-circular.png?resize=768%2C1086&amp;ssl=1 768w, https:\/\/i0.wp.com\/www.sanmiguelarcangel.cl\/wpsma\/wp-content\/uploads\/2026\/04\/Info-web-cesteria-circular.png?resize=1086%2C1536&amp;ssl=1 1086w, https:\/\/i0.wp.com\/www.sanmiguelarcangel.cl\/wpsma\/wp-content\/uploads\/2026\/04\/Info-web-cesteria-circular.png?resize=1448%2C2048&amp;ssl=1 1448w\" sizes=\"(max-width: 724px) 100vw, 724px\" \/>\t\t\t\t\t\t\t\t\t\t\t\t\t\t\t<\/div>\n\t\t\t\t<\/div>\n\t\t\t\t\t<\/div>\n\t\t\t\t<\/div>\n\t\t\t\t<\/div>\n\t\t","protected":false},"excerpt":{"rendered":"<p>Extensi\u00f3n El \u00e1rea de Extensi\u00f3n del colegio San Miguel Arc\u00e1ngel tiene como objetivo desarrollar actividades, que permitan ir consolidando un espacio cultural, formativo y de entretenci\u00f3n abierto a toda la&#8230;<\/p>\n","protected":false},"author":4,"featured_media":0,"parent":0,"menu_order":0,"comment_status":"closed","ping_status":"closed","template":"","meta":{"_kadence_starter_templates_imported_post":false,"_kad_post_transparent":"","_kad_post_title":"hide","_kad_post_layout":"fullwidth","_kad_post_sidebar_id":"","_kad_post_content_style":"unboxed","_kad_post_vertical_padding":"hide","_kad_post_feature":"hide","_kad_post_feature_position":"","_kad_post_header":false,"_kad_post_footer":false,"_kad_post_classname":"","footnotes":""},"class_list":["post-20502","page","type-page","status-publish","hentry"],"_links":{"self":[{"href":"https:\/\/www.sanmiguelarcangel.cl\/wpsma\/wp-json\/wp\/v2\/pages\/20502","targetHints":{"allow":["GET"]}}],"collection":[{"href":"https:\/\/www.sanmiguelarcangel.cl\/wpsma\/wp-json\/wp\/v2\/pages"}],"about":[{"href":"https:\/\/www.sanmiguelarcangel.cl\/wpsma\/wp-json\/wp\/v2\/types\/page"}],"author":[{"embeddable":true,"href":"https:\/\/www.sanmiguelarcangel.cl\/wpsma\/wp-json\/wp\/v2\/users\/4"}],"replies":[{"embeddable":true,"href":"https:\/\/www.sanmiguelarcangel.cl\/wpsma\/wp-json\/wp\/v2\/comments?post=20502"}],"version-history":[{"count":33,"href":"https:\/\/www.sanmiguelarcangel.cl\/wpsma\/wp-json\/wp\/v2\/pages\/20502\/revisions"}],"predecessor-version":[{"id":20846,"href":"https:\/\/www.sanmiguelarcangel.cl\/wpsma\/wp-json\/wp\/v2\/pages\/20502\/revisions\/20846"}],"wp:attachment":[{"href":"https:\/\/www.sanmiguelarcangel.cl\/wpsma\/wp-json\/wp\/v2\/media?parent=20502"}],"curies":[{"name":"wp","href":"https:\/\/api.w.org\/{rel}","templated":true}]}}